factor of 30 and 7170.
30
Calculate the highest common factor of 14256 and 54.
54
What is the highest common factor of 94 and 1363?
47
What is the highest common factor of 30 and 870?
30
Calculate the highest common divisor of 1 and 79.
1
What is the highest common divisor of 324 and 180?
36
What is the highest common factor of 90 and 435?
15
What is the greatest common factor of 6253 and 185?
37
What is the highest common factor of 8 and 3656?
8
Calculate the greatest common divisor of 10692 and 1485.
297
What is the highest common factor of 1 and 452?
1
Calculate the highest common divisor of 191 and 4.
1
Calculate the greatest common divisor of 19 and 19.
19
What is the highest common divisor of 60 and 14140?
20
Calculate the greatest common factor of 54 and 144.
18
What is the highest common factor of 4 and 508?
4
Calculate the highest common factor of 37 and 74.
37
Calculate the highest common factor of 196 and 17003.
49
Calculate the highest common factor of 1467 and 652.
163
What is the greatest common factor of 1840 and 115?
115
Calculate the highest common factor of 42 and 30.
6
Calculate the highest common factor of 704 and 192.
64
Calculate the highest common divisor of 60 and 90.
30
Calculate the greatest common factor of 25 and 390.
5
What is the greatest common divisor of 75 and 12?
3
Calculate the greatest common divisor of 53 and 9434.
53
What is the greatest common divisor of 396 and 288?
36
Calculate the greatest common factor of 825 and 75.
75
Calculate the greatest common divisor of 2444 and 52.
52
Calculate the greatest common factor of 7 and 203.
7
Calculate the greatest common factor of 9 and 9.
9
Calculate the greatest common factor of 2183 and 59.
59
What is the greatest common divisor of 1017 and 15933?
339
Calculate the highest common factor of 6384 and 4032.
336
Calculate the greatest common factor of 930 and 135.
15
What is the highest common divisor of 286 and 242?
22
Calculate the highest common factor of 31332 and 14.
14
Calculate the highest common divisor of 60102 and 126.
126
Calculate the greatest common divisor of 17767 and 326.
163
What is the greatest common divisor of 40 and 680?
40
What is the highest common divisor of 62 and 124?
62
What is the greatest common divisor of 882 and 72?
18
What is the greatest common factor of 70 and 245?
35
What is the greatest common divisor of 28 and 133?
7
What is the greatest common divisor of 205 and 82?
41
What is the greatest common factor of 280 and 21?
7
Calculate the greatest common factor of 253 and 121.
11
Calculate the highest common divisor of 104 and 325.
13
Calculate the highest common factor of 27 and 387.
9
Calculate the greatest common divisor of 135 and 285.
15
What is the highest common divisor of 42 and 4146?
6
What is the greatest common divisor of 150 and 60?
30
What is the greatest common divisor of 21 and 7203?
21
Calculate the greatest common factor of 27 and 81.
27
What is the highest common factor of 7400 and 50?
50
What is the highest common factor of 88 and 312?
8
What is the greatest common factor of 574 and 82?
82
What is the greatest common factor of 2001 and 161?
23
What is the highest common factor of 36 and 171?
9
What is the highest common divisor of 384 and 48?
48
Calculate the greatest common divisor of 25 and 60.
5
Calculate the highest common factor of 22792 and 154.
154
Calculate the highest common factor of 894 and 12.
6
What is the greatest common factor of 288 and 120?
24
What is the greatest common factor of 903 and 21?
21
Calculate the greatest common factor of 14 and 903.
7
What is the greatest common factor of 105 and 2058?
21
Calculate the greatest common divisor of 2200 and 88.
88
Calculate the highest common divisor of 364 and 16.
4
What is the highest common divisor of 65 and 2210?
65
Calculate the highest common factor of 80 and 1136.
16
What is the highest common divisor of 2465 and 340?
85
What is the highest common factor of 4480 and 350?
70
Calculate the greatest common divisor of 56 and 16702.
14
Calculate the greatest common factor of 7 and 469.
7
What is the greatest common factor of 351 and 9?
9
What is the greatest common factor of 6398 and 42?
14
What is the greatest common factor of 30 and 7170?
30
Calculate the highest common divisor of 5597 and 772.
193
Calculate the greatest common factor of 36 and 1629.
9
Calculate the highest common divisor of 7626 and 164.
82
Calculate the greatest common divisor of 4 and 1832.
4
What is the highest common factor of 33538 and 82?
82
Calculate the highest common factor of 18 and 549.
9
What is the greatest common divisor of 468 and 3783?
39
What is the highest common divisor of 104 and 864?
8
Calculate the greatest common factor of 495 and 765.
45
Calculate the highest common divisor of 2831 and 19.
19
What is the greatest common divisor of 666 and 25641?
333
Calculate the greatest common factor of 58 and 754.
58
What is the highest common factor of 155 and 2?
1
What is the greatest common divisor of 65 and 4745?
65
Calculate the highest common factor of 385 and 10.
5
What is the highest common divisor of 66 and 132?
66
What is the greatest common divisor of 34 and 6086?
34
Calculate the greatest common factor of 1148 and 123.
41
Calculate the highest common factor of 21298 and 46.
46
What is the greatest common divisor of 22 and 1914?
22
Calculate the greatest common divisor of 2442 and 666.
222
Calculate the highest common factor of 48716 and 152.
76
Calculate the highest common factor of 1197 and 133.
133
What is the highest common divisor of 155 and 4464?
31
What is the highest common factor of 11 and 4?
1
What is the highest common divisor of 936 and 598?
26
What is the highest common factor of 20480 and 5?
5
What is the highest common divisor of 592 and 74?
74
What is the highest common factor of 10969 and 21?
7
What is the greatest common divisor of 4400 and 30?
10
What is the greatest common factor of 40 and 25?
5
What is the greatest common divisor of 783 and 1188?
27
What is the highest common factor of 722 and 190?
38
Calculate the highest common factor of 602 and 28.
14
Calculate the highest common factor of 404 and 25250.
202
What is the greatest common factor of 4 and 356?
4
What is the greatest common divisor of 29 and 87?
29
What is the greatest common factor of 91 and 52?
13
What is the greatest common factor of 168 and 189?
21
Calculate the highest common factor of 5430 and 20.
10
What is the highest common factor of 46 and 7498?
46
What is the highest common factor of 155 and 31?
31
Calculate the highest common divisor of 4489 and 67.
67
Calculate the highest common divisor of 198 and 54.
18
Calculate the highest common divisor of 17975 and 25.
25
Calculate the greatest common factor of 2465 and 85.
85
Calculate the greatest common factor of 3021 and 57.
57
What is the highest common divisor of 3306 and 342?
114
What is the highest common factor of 5121 and 27?
9
What is the greatest common factor of 192 and 120?
24
Calculate the highest common divisor of 35 and 3430.
35
Calculate the highest common divisor of 228 and 60.
12
What is the highest common factor of 1792 and 96?
32
What is the highest common divisor of 19 and 12?
1
Calculate the greatest common divisor of 403 and 93.
31
What is the highest common divisor of 2401 and 98?
49
What is the highest common factor of 527 and 93?
31
Calculate the highest common factor of 99 and 1716.
33
What is the highest common divisor of 119 and 272?
17
Calculate the highest common factor of 132 and 3894.
66
What is the highest common factor of 10310 and 30?
10
What is the highest common divisor of 30 and 15?
15
What is the highest common divisor of 4440 and 24?
24
Calculate the highest common factor of 4081 and 7791.
371
What is the greatest common divisor of 1335 and 47615?
445
What is the highest common factor of 16 and 2088?
8
What is the highest common divisor of 450 and 525?
75
Calculate the greatest common divisor of 2737 and 119.
119
What is the highest common factor of 184 and 23?
23
What is the highest common divisor of 112 and 35?
7
Calculate the highest common divisor of 2613 and 6.
3
What is the highest common factor of 3 and 11?
1
Calculate the greatest common divisor of 4 and 78.
2
Calculate